late the greatest common factor of g and r.
11
Suppose d = -10 + 19. Let z(m) = 4*m + 36. Let k be z(d). Calculate the highest common divisor of k and 8.
8
Let a(t) = -4*t - 56. Let k be a(-16). Let d(w) = 2*w**3 - 9*w**2 - 3*w + 10. Let y be d(5). Calculate the greatest common factor of y and k.
4
Let i = -18 - -18. Let j be i/((-1 - -3)/(-1)). Suppose -4*w + 8*w - 36 = j. Calculate the highest common divisor of w and 1.
1
Let s(k) = k + 2. Let f = -3 + 10. Let r be s(f). Let d(g) = g**3 - 18*g**2 - 18*g - 18. Let u be d(19). What is the greatest common factor of u and r?
1
Suppose -3*y - 6 = 0, 5*a - 43 = -y + 5. Suppose 0*c - 2*d = -3*c + 51, -3*d - a = -c. What is the highest common factor of 57 and c?
19
Let w be 7 + -1 + 1 + 7. What is the highest common factor of w and 24?
2
Let o = -10 - -14. Let b(k) = k + 152. Let a be b(0). Let r be a/36 + (-2)/9. Calculate the highest common factor of r and o.
4
Suppose 3*b = -2 + 74. Suppose -4*q = -8 - b. What is the greatest common divisor of 12 and q?
4
Suppose 0 + 3 = -i + 4*d, 3*d + 3 = -i. Let u be -1 + 4 + (176 - i). What is the greatest common divisor of u and 26?
26
Suppose 9*z - 11 = 178. What is the greatest common factor of z and 9?
3
Let s(h) = 8*h. Let f be s(1). Let w be 4 + (-2)/(-19) + 1711/(-551). Calculate the greatest common factor of f and w.
1
Let b = -42 + 45. Suppose -12*t + 9*t + 63 = 0. What is the greatest common divisor of t and b?
3
Let o(i) = i**2 - 2*i - 19. Let u be o(-5). Suppose -5*a - 8*t = -4*t - 308, 4*a - 5*t = 271. Calculate the highest common factor of a and u.
16
Suppose 2*c + 3*c + 389 = 2*r, 3*c = 3*r - 228. Let m = -39 - c. Let q be 0/2 - 0 - -8. What is the highest common divisor of q and m?
8
Suppose -3*l - 3*k = -165, 5*k - 6 + 73 = l. Let c be l/21 + 4/14. Let h be ((-3)/5)/(2/(-10)). Calculate the highest common divisor of h and c.
3
Suppose 22*w = 82*w - 52800. Calculate the greatest common divisor of 10 and w.
10
Suppose 0 = 8*k + 30*k - 2470. Suppose -5*u - 53 = 4*z - 183, 0 = -2*z. Calculate the highest common divisor of k and u.
13
Suppose 3*c + 25 = -2*c. Let b = 7 + c. Suppose -2*y + b*f = -140, 0 = 3*f - 8*f - 25. Calculate the greatest common factor of y and 26.
13
Let a be ((-24)/20)/(22/(-1375)). Calculate the highest common factor of 125 and a.
25
Let p be (-15)/(-12) - 12024/32*-1. Calculate the greatest common divisor of p and 13.
13
Let a be (-3 + 1)*26/(-4). Let j = -88 - -205. What is the greatest common factor of a and j?
13
Suppose 2 = 2*u, -4*s + 2*u + 29 + 25 = 0. Calculate the greatest common divisor of s and 3.
1
Let i be (-2)/3*(-6 - -9)*-4. Suppose -n + i - 7 = 0. Calculate the greatest common factor of n and 1.
1
Let w be (13*1/(-3))/((-2)/18). Calculate the highest common divisor of 3 and w.
3
Let p(x) = -4*x - 3. Suppose -2*d = -k + 3, k = d - 3*d - 9. Let u be p(k). Calculate the highest common divisor of u and 3.
3
Let q(s) = -13*s - 6. Let i be q(-3). What is the greatest common divisor of i and 6?
3
Let q(a) = a**2 - 2*a - 19. Let h be q(0). Let m = h + 36. What is the highest common divisor of m and 187?
17
Let h be 2 - 0/(-1) - -658. Suppose 4*y - 4*q = -25 + 685, 4*y = -4*q + h. Calculate the highest common divisor of y and 15.
15
Let p(f) = f**3 - 11*f**2 + 2*f - 25. Let a be p(12). What is the greatest common divisor of a and 11?
11
Suppose 3*u - u - 6 = -2*h, -20 = -2*u + 5*h. Let a(w) = 5 - u - w - 3. Let c be a(-15). Calculate the highest common divisor of 6 and c.
6
Let q(z) = -8*z**2 - 3*z - 3. Let f be q(-3). Let j = f + 216. Let h = -90 + j. What is the greatest common divisor of h and 12?
12
Suppose 2*q - 238 = 3*z, -5*z + 254 = 2*q - 0*z. Calculate the highest common divisor of 3050 and q.
122
Let s = 16 + 14. Let d be ((-1)/2)/((75/(-18))/25). Suppose n - 3*q = 4, n + d*n + 2*q = s. What is the greatest common factor of n and 7?
7
Suppose -320 = -6*v - 7*v - 27*v. Suppose -5*m + 217 = -3*m + 3*f, 0 = -4*m + 5*f + 401. What is the greatest common factor of m and v?
8
Suppose -a = -1889 - 1737. What is the greatest common factor of 74 and a?
74
Let s = -4 - -7. Suppose 4*i - p - 30 = 0, 2*i = -i + 5*p + 31. Let k = i + -5. Calculate the highest common factor of s and k.
1
Let a = -25 - -28. Suppose 5*s + 4*p - 172 = 0, a*s - 32 = 2*s - 2*p. What is the highest common divisor of s and 9?
9
Suppose 3*g - 5*v + 3 = 0, -4*g - v + 19 = -0*g. Let d be 13 + -1 - 4/g. What is the highest common factor of d and 11?
11
Let o be 5/(-30) + (-93)/(-18). Suppose -2*b + 224 = o*h, -4*h + 203 = 2*b - 23. Calculate the highest common factor of b and 13.
13
Let r(i) = i**2 - 5*i - 8. Let v be r(-3). Let w = -10 + 18. Calculate the highest common divisor of v and w.
8
Suppose 221 = 22*r - 87. Calculate the highest common factor of r and 14.
14
Suppose 0 = g + 5, 2*s = g - 77 + 110. Suppose 5*z + 132 = 4*x, 4*z - 3*z + 4 = 0. What is the highest common divisor of s and x?
14
Suppose -604 + 624 = 20*n. Calculate the highest common divisor of n and 199.
1
Let k be (20/(-10))/(2/(-4)). Suppose k*o - o - 6 = 0. Suppose -o*q - 5*n = 45 - 205, q - 4*n = 54. What is the greatest common factor of q and 28?
14
Suppose 0 = r + 39 - 95. Suppose -3*t + i - 85 = 0, 0*t + 27 = -t - i. Let f = 42 + t. What is the greatest common factor of r and f?
14
Let t be (-27)/18 + -2*(-156)/16. What is the highest common divisor of 126 and t?
18
Let x be 16/(-24) - 76/(-6). Let h(t) = -t**2 + 11*t + 4. Let b be h(x). Let f be (-174)/(-24) + (-6)/b. What is the highest common divisor of f and 24?
8
Let c be (52 - 0)/(17/34). Let o = -168 + 194. What is the highest common factor of o and c?
26
Let w = 48 + -50. Let x be (5 + -4)/(19/(-10) - w). What is the highest common divisor of x and 10?
10
Let b(z) = z**3 - 8*z**2 + 24*z + 12. Let j be b(6). What is the greatest common divisor of 476 and j?
28
Suppose 25*f - 18*f = 336. Calculate the highest common factor of 624 and f.
48
Let v be 4/(((-15)/5)/(-12)). Let f = v + 2. What is the highest common factor of 162 and f?
18
Let w(v) = v**2 + 2*v. Let r be w(-9). What is the greatest common factor of r and 9?
9
Let z(u) = 3*u - 7. Let k be z(4). Suppose -k*i = -10*i + 45. Let y = 56 - 20. What is the highest common divisor of i and y?
9
Let u(j) = 28*j + 337. Let x be u(-12). Calculate the greatest common factor of 5 and x.
1
Suppose 205 = 12*k - 47. Calculate the highest common factor of k and 21.
21
Let o(x) = -2*x + 24. Let s be o(21). Let k be (542/(-15))/(-1) - s/(-135). Calculate the greatest common divisor of 4 and k.
4
Suppose z - 12 = -0*z. Let t(x) = 5*x**2 + 40*x - 288. Let i be t(6). What is the greatest common factor of z and i?
12
Let c be (20/(-6))/((-14)/21). Suppose 3*d = c + 7. Suppose -3*m + 2 = -4*o + d, 0 = -4*o + 20. Calculate the highest common divisor of 12 and m.
6
Suppose 0 = -4*g - 95 - 33. Let j = -16 - g. Let u = 103 + -63. Calculate the greatest common factor of j and u.
8
Let n be (-91)/(-14)*168/182. What is the greatest common factor of 15 and n?
3
Let m = 77 + -66. Suppose l - 26 = 3*p, -3*l - p + 23 + 5 = 0. Calculate the highest common divisor of l and m.
11
Let i(z) = 3*z + 18. Let c be i(-6). Suppose c = -5*a + 111 + 54. Calculate the greatest common factor of 33 and a.
33
Suppose -v - 18 = -0. Let s = -29 - v. Let d = s + 39. Calculate the highest common divisor of d and 56.
28
Suppose 3*k - 5*a = 25, -2*a - 2*a + 46 = 2*k. Let z = 9 - 7. Suppose -z*r - r = -495. Calculate the highest common divisor of k and r.
15
Suppose -z - 28 = -100. Suppose -4*s + 5*r = -0*r - z, 0 = 3*r. Calculate the highest common factor of s and 2.
2
Let g(l) be the first derivative of 12*l**2 - 11*l + 42. Let p be g(1). What is the highest common divisor of p and 247?
13
Let k(x) be the first derivative of -x**3/3 + 252*x - 10. Let s be k(0). What is the greatest common divisor of s and 28?
28
Let i be (-4)/(-3)*(-1056)/(-64). Calculate the greatest common divisor of i and 682.
22
Suppose -3*z + 6 = 2*m, -121*m + 122*m + 2*z = 2. Calculate the highest common factor of m and 114.
6
Let b(a) = -8*a - 346. Let k be b(-44). Calculate the highest common divisor of 104 and k.
2
Suppose -20*h = 7*h - 9963. What is the greatest common divisor of h and 41?
41
Suppose 0 = -10*n + 37 + 13. Suppose